emainder when 144984196 is divided by 562?
560
What is the remainder when 1065200 is divided by 21304?
0
Calculate the remainder when 25491569 is divided by 78.
77
Calculate the remainder when 23649148 is divided by 64970.
68
What is the remainder when 1412297 is divided by 470741?
74
What is the remainder when 174375003 is divided by 2738?
2735
Calculate the remainder when 5154733 is divided by 2489.
14
Calculate the remainder when 234770 is divided by 78171.
257
Calculate the remainder when 14925351 is divided by 4975115.
6
What is the remainder when 6908598 is divided by 689?
684
Calculate the remainder when 490886 is divided by 163600.
86
Calculate the remainder when 689938 is divided by 11693.
51
What is the remainder when 3233044 is divided by 140561?
141
Calculate the remainder when 2444270 is divided by 5.
0
Calculate the remainder when 53476136 is divided by 1153.
1149
What is the remainder when 16050660 is divided by 5350200?
60
What is the remainder when 661459 is divided by 661028?
431
What is the remainder when 984439 is divided by 1017?
1000
What is the remainder when 12720 is divided by 3131?
196
Calculate the remainder when 560209 is divided by 80012.
125
Calculate the remainder when 17624 is divided by 2201.
16
What is the remainder when 97550 is divided by 48683?
184
Calculate the remainder when 14182610 is divided by 26.
0
Calculate the remainder when 93755 is divided by 160.
155
Calculate the remainder when 9865031 is divided by 2239.
2236
Calculate the remainder when 1510638 is divided by 7827.
27
What is the remainder when 146910 is divided by 1386?
1380
Calculate the remainder when 1730938 is divided by 2959.
2882
Calculate the remainder when 5830149 is divided by 101.
25
What is the remainder when 12852870 is divided by 346?
8
What is the remainder when 4033968 is divided by 28?
8
Calculate the remainder when 1185395 is divided by 197514.
311
Calculate the remainder when 3394991 is divided by 678.
245
Calculate the remainder when 2341048 is divided by 109.
55
What is the remainder when 95608 is divided by 844?
236
What is the remainder when 595859 is divided by 297923?
13
Calculate the remainder when 108285789 is divided by 1739.
1737
Calculate the remainder when 42862 is divided by 42839.
23
What is the remainder when 60269537 is divided by 7?
6
What is the remainder when 27127379 is divided by 21?
20
What is the remainder when 5696792 is divided by 979?
970
Calculate the remainder when 189305 is divided by 20496.
4841
What is the remainder when 4435327 is divided by 17?
10
Calculate the remainder when 47226793 is divided by 15742263.
4
Calculate the remainder when 1501647 is divided by 364.
147
What is the remainder when 1896143 is divided by 12557?
36
Calculate the remainder when 204024167 is divided by 6.
5
Calculate the remainder when 141619 is divided by 5235.
274
Calculate the remainder when 20257 is divided by 19796.
461
What is the remainder when 3230052 is divided by 231?
210
Calculate the remainder when 578893 is divided by 25163.
144
Calculate the remainder when 3458835 is divided by 5784.
3
What is the remainder when 1939673 is divided by 3415?
3368
Calculate the remainder when 16524036 is divided by 543.
3
Calculate the remainder when 5929 is divided by 3527.
2402
Calculate the remainder when 1288520 is divided by 56.
16
Calculate the remainder when 2395657 is divided by 598644.
1081
Calculate the remainder when 469566718 is divided by 12.
10
Calculate the remainder when 77574 is divided by 86.
2
Calculate the remainder when 2235880 is divided by 2235818.
62
What is the remainder when 67998 is divided by 107?
53
Calculate the remainder when 28912 is divided by 5313.
2347
Calculate the remainder when 1260680 is divided by 25.
5
What is the remainder when 33508 is divided by 3348?
28
Calculate the remainder when 136313 is divided by 1108.
29
Calculate the remainder when 25229425 is divided by 33865.
0
What is the remainder when 3296070 is divided by 227?
30
Calculate the remainder when 14737426 is divided by 9263.
9256
Calculate the remainder when 106802 is divided by 13328.
178
What is the remainder when 35849 is divided by 17833?
183
What is the remainder when 124959 is divided by 61995?
969
Calculate the remainder when 164525 is divided by 1436.
821
What is the remainder when 25786508 is divided by 11295?
23
What is the remainder when 1470252 is divided by 6593?
13
Calculate the remainder when 2243684 is divided by 86295.
14
Calculate the remainder when 725493 is divided by 2769.
15
Calculate the remainder when 1354150 is divided by 1354130.
20
What is the remainder when 35844578 is divided by 1194819?
8
Calculate the remainder when 84925341 is divided by 172.
169
Calculate the remainder when 7016832 is divided by 1034.
108
Calculate the remainder when 31368917 is divided by 48.
5
What is the remainder when 471875 is divided by 864?
131
Calculate the remainder when 221482 is divided by 110615.
252
Calculate the remainder when 441477907 is divided by 423.
421
Calculate the remainder when 108594241 is divided by 35.
21
What is the remainder when 1103722 is divided by 92?
90
Calculate the remainder when 197090 is divided by 65287.
1229
What is the remainder when 23850572 is divided by 11925276?
20
What is the remainder when 58115144 is divided by 137064?
8
Calculate the remainder when 851438 is divided by 17738.
14
Calculate the remainder when 9787176 is divided by 1957433.
11
What is the remainder when 357388 is divided by 357299?
89
Calculate the remainder when 439706 is divided by 437161.
2545
Calculate the remainder when 117087619 is divided by 1612.
1611
What is the remainder when 85787 is divided by 5340?
347
What is the remainder when 283446933 is divided by 457?
452
What is the remainder when 1117890 is divided by 32879?
4
Calculate the remainder when 410297 is divided by 788.
537
What is the remainder when 5657412 is divided by 808201?
5
Calculate the remainder when 3373809 is divided by 337380.
9
Calculate the remainder when 74322 is divided by 360.
162
Calculate the remainder when 2477291 is divided by 5856.
203
What is the remainder when 65209669 is divided by 16302407?
41
Calculate the remainder when 377017 is divided by 285.
247
Calculate the remainder when 20317 is divided by 9640.
1037
What is the remainder when 2765 is divided by 322?
189
What is the remainder when 50851613 is divided by 232?
229
What is the remainder when 72632 is divided by 7194?
692
What is the remainder when 10278360 is divided by 4297?
4233
What is the remainder when 105 is divided by 13?
1
Calculate the remainder when 874362 is divided by 1377.
1344
What is the remainder when 34282628 is divided by 808?
804
What is the remainder when 7066956 is divided by 227?
219
Calculate the remainder when 213673264 is divided by 9.
7
Calculate the remainder when 416012014 is divided by 518.
516
Calculate the remainder when 360964022 is divided by 4293.
4289
What is the remainder when 86297 is divided by 42366?
1565
Calculate the remainder when 137923 is divided by 1367.
1223
Calculate the remainder when 862557 is divided by 313.
242
Calculate the remainder when 136084950 is divided by 19.
15
Calculate the remainder when 2058503 is divided by 982.
231
Calculate the remainder when 52625211 is divided by 64.
59
What is the remainder when 36389 is divided by 9081?
65
What is the remainder when 656594 is divided by 2174?
46
What is the remainder when 1165154 is divided by 30661?
36
What is the remainder when 50354190 is divided by 512?
14
What is the remainder when 780440 is divided by 112?
24
Calculate the remainder when 26803940 is divided by 761.
759
Calculate the remainder when 1170581 is divided by 1170394.
187
What is the remainder when 1138085 is divided by 682?
509
Calculate the remainder when 50762934 is divided by 14.
12
What is the remainder when 312163291 is divided by 291?
25
What is the remainder when 3205294 is divided by 824?
758
What is the remainder when 72695661 is divided by 6?
3
Calculate the remainder when 423980 is divided by 3256.
700
Calculate the remainder when 405870 is divided by 116.
102
Calculate the remainder when 6931951 is divided by 578.
575
Calculate the remainder when 2837 is divided by 683.
105
